{"id":3728,"date":"2025-11-05T16:29:46","date_gmt":"2025-11-05T16:29:46","guid":{"rendered":"https:\/\/seeco.es\/?post_type=product&#038;p=3728"},"modified":"2026-02-26T17:15:16","modified_gmt":"2026-02-26T17:15:16","slug":"acreditacion-iv-curso-intensivo-de-ecografia-clinica-pediatrica","status":"publish","type":"product","link":"https:\/\/seeco.es\/en\/curso-ecografia\/acreditacion-iv-curso-intensivo-de-ecografia-clinica-pediatrica\/","title":{"rendered":"Acreditaci\u00f3n IV Curso intensivo de ecograf\u00eda cl\u00ednica pedi\u00e1trica"},"content":{"rendered":"<h2 style=\"text-align: left;\">Acreditaci\u00f3n IV Curso intensivo de ecograf\u00eda cl\u00ednica pedi\u00e1trica<\/h2>\n<h3>25 de abril en Madrid<\/h3>\n<p><a href=\"https:\/\/seeco.es\/wp-content\/uploads\/2025\/11\/04-CondicionesAcreditacionPediatria1.pdf\" target=\"_blank\" rel=\"noopener\">CONDICIONES ACREDITACI\u00d3N<\/a><\/p>\n<p class=\"p1\"><span class=\"s1\">Technical Secretariat: <\/span><b>Spanish Society of Ultrasound<\/b><\/p>\n<ul>\n<li class=\"p3\"><span class=\"s4\"><b>Phone: <a href=\"tel:+34 655 694 698\">+34 655 694 698<\/a> <\/b><\/span><\/li>\n<li class=\"p3\"><span class=\"s5\"><b>E-mail: <\/b><\/span><a href=\"mailto:secretariatecnica@seeco.es\"><span class=\"s5\"><b>secretariatecnica@seeco.es<\/b><\/span><\/a><\/li>\n<\/ul>\n<p>&nbsp;<\/p>","protected":false},"excerpt":{"rendered":"<p style=\"text-align: center;\">El 25 de abril de 2026<br \/>\nMADRID<\/p>","protected":false},"featured_media":3974,"template":"","meta":[],"product_brand":[],"product_cat":[60,57],"product_tag":[],"class_list":{"0":"post-3728","1":"product","2":"type-product","3":"status-publish","4":"has-post-thumbnail","6":"product_cat-acreditaciones-seeco","7":"product_cat-cursos-presenciales","9":"first","10":"instock","11":"sold-individually","12":"taxable","13":"shipping-taxable","14":"product-type-simple"},"yoast_head":"<!-- This site is optimized with the Yoast SEO plugin v27.5 - https:\/\/yoast.com\/product\/yoast-seo-wordpress\/ -->\n<title>Acreditaci\u00f3n IV Curso intensivo de ecograf\u00eda cl\u00ednica pedi\u00e1trica<\/title>\n<meta name=\"description\" content=\"Residentes de pediatr\u00eda, pediatras de atenci\u00f3n primaria u hospitalaria y m\u00e9dicos de familia con ninguna o escasa formaci\u00f3n y experiencia en ecograf\u00eda.\" \/>\n<meta name=\"robots\" content=\"index, follow, max-snippet:-1, max-image-preview:large, max-video-preview:-1\" \/>\n<link rel=\"canonical\" href=\"https:\/\/seeco.es\/en\/curso-ecografia\/acreditacion-iv-curso-intensivo-de-ecografia-clinica-pediatrica\/\" \/>\n<meta property=\"og:locale\" content=\"en_GB\" \/>\n<meta property=\"og:type\" content=\"article\" \/>\n<meta property=\"og:title\" content=\"Acreditaci\u00f3n IV Curso intensivo de ecograf\u00eda cl\u00ednica pedi\u00e1trica\" \/>\n<meta property=\"og:description\" content=\"Residentes de pediatr\u00eda, pediatras de atenci\u00f3n primaria u hospitalaria y m\u00e9dicos de familia con ninguna o escasa formaci\u00f3n y experiencia en ecograf\u00eda.\" \/>\n<meta property=\"og:url\" content=\"https:\/\/seeco.es\/en\/curso-ecografia\/acreditacion-iv-curso-intensivo-de-ecografia-clinica-pediatrica\/\" \/>\n<meta property=\"og:site_name\" content=\"SEECO\" \/>\n<meta property=\"article:modified_time\" content=\"2026-02-26T17:15:16+00:00\" \/>\n<meta property=\"og:image\" content=\"https:\/\/seeco.es\/wp-content\/uploads\/2025\/11\/04-WebPediatriaAcreditacion26-600x600-1.jpg\" \/>\n\t<meta property=\"og:image:width\" content=\"600\" \/>\n\t<meta property=\"og:image:height\" content=\"600\" \/>\n\t<meta property=\"og:image:type\" content=\"image\/jpeg\" \/>\n<meta name=\"twitter:card\" content=\"summary_large_image\" \/>\n<meta name=\"twitter:label1\" content=\"Estimated reading time\" \/>\n\t<meta name=\"twitter:data1\" content=\"1 minute\" \/>\n<script type=\"application\/ld+json\" class=\"yoast-schema-graph\">{\"@context\":\"https:\\\/\\\/schema.org\",\"@graph\":[{\"@type\":\"WebPage\",\"@id\":\"https:\\\/\\\/seeco.es\\\/curso-ecografia\\\/acreditacion-iv-curso-intensivo-de-ecografia-clinica-pediatrica\\\/\",\"url\":\"https:\\\/\\\/seeco.es\\\/curso-ecografia\\\/acreditacion-iv-curso-intensivo-de-ecografia-clinica-pediatrica\\\/\",\"name\":\"Acreditaci\u00f3n IV Curso intensivo de ecograf\u00eda cl\u00ednica pedi\u00e1trica\",\"isPartOf\":{\"@id\":\"https:\\\/\\\/seeco.es\\\/#website\"},\"primaryImageOfPage\":{\"@id\":\"https:\\\/\\\/seeco.es\\\/curso-ecografia\\\/acreditacion-iv-curso-intensivo-de-ecografia-clinica-pediatrica\\\/#primaryimage\"},\"image\":{\"@id\":\"https:\\\/\\\/seeco.es\\\/curso-ecografia\\\/acreditacion-iv-curso-intensivo-de-ecografia-clinica-pediatrica\\\/#primaryimage\"},\"thumbnailUrl\":\"https:\\\/\\\/seeco.es\\\/wp-content\\\/uploads\\\/2025\\\/11\\\/04-WebPediatriaAcreditacion26-600x600-1.jpg\",\"datePublished\":\"2025-11-05T16:29:46+00:00\",\"dateModified\":\"2026-02-26T17:15:16+00:00\",\"description\":\"Residentes de pediatr\u00eda, pediatras de atenci\u00f3n primaria u hospitalaria y m\u00e9dicos de familia con ninguna o escasa formaci\u00f3n y experiencia en ecograf\u00eda.\",\"breadcrumb\":{\"@id\":\"https:\\\/\\\/seeco.es\\\/curso-ecografia\\\/acreditacion-iv-curso-intensivo-de-ecografia-clinica-pediatrica\\\/#breadcrumb\"},\"inLanguage\":\"en-GB\",\"potentialAction\":[{\"@type\":\"ReadAction\",\"target\":[\"https:\\\/\\\/seeco.es\\\/curso-ecografia\\\/acreditacion-iv-curso-intensivo-de-ecografia-clinica-pediatrica\\\/\"]}]},{\"@type\":\"ImageObject\",\"inLanguage\":\"en-GB\",\"@id\":\"https:\\\/\\\/seeco.es\\\/curso-ecografia\\\/acreditacion-iv-curso-intensivo-de-ecografia-clinica-pediatrica\\\/#primaryimage\",\"url\":\"https:\\\/\\\/seeco.es\\\/wp-content\\\/uploads\\\/2025\\\/11\\\/04-WebPediatriaAcreditacion26-600x600-1.jpg\",\"contentUrl\":\"https:\\\/\\\/seeco.es\\\/wp-content\\\/uploads\\\/2025\\\/11\\\/04-WebPediatriaAcreditacion26-600x600-1.jpg\",\"width\":600,\"height\":600},{\"@type\":\"BreadcrumbList\",\"@id\":\"https:\\\/\\\/seeco.es\\\/curso-ecografia\\\/acreditacion-iv-curso-intensivo-de-ecografia-clinica-pediatrica\\\/#breadcrumb\",\"itemListElement\":[{\"@type\":\"ListItem\",\"position\":1,\"name\":\"Portada\",\"item\":\"https:\\\/\\\/seeco.es\\\/seeco\\\/\"},{\"@type\":\"ListItem\",\"position\":2,\"name\":\"Tienda\",\"item\":\"https:\\\/\\\/seeco.es\\\/en\\\/tienda\\\/\"},{\"@type\":\"ListItem\",\"position\":3,\"name\":\"Acreditaci\u00f3n IV Curso intensivo de ecograf\u00eda cl\u00ednica pedi\u00e1trica\"}]},{\"@type\":\"WebSite\",\"@id\":\"https:\\\/\\\/seeco.es\\\/#website\",\"url\":\"https:\\\/\\\/seeco.es\\\/\",\"name\":\"SEECO\",\"description\":\"Sociedad Espa\u00f1ola de Ecograf\u00eda\",\"potentialAction\":[{\"@type\":\"SearchAction\",\"target\":{\"@type\":\"EntryPoint\",\"urlTemplate\":\"https:\\\/\\\/seeco.es\\\/?s={search_term_string}\"},\"query-input\":{\"@type\":\"PropertyValueSpecification\",\"valueRequired\":true,\"valueName\":\"search_term_string\"}}],\"inLanguage\":\"en-GB\"}]}<\/script>\n<!-- \/ Yoast SEO plugin. -->","yoast_head_json":{"title":"Acreditaci\u00f3n IV Curso intensivo de ecograf\u00eda cl\u00ednica pedi\u00e1trica","description":"Residentes de pediatr\u00eda, pediatras de atenci\u00f3n primaria u hospitalaria y m\u00e9dicos de familia con ninguna o escasa formaci\u00f3n y experiencia en ecograf\u00eda.","robots":{"index":"index","follow":"follow","max-snippet":"max-snippet:-1","max-image-preview":"max-image-preview:large","max-video-preview":"max-video-preview:-1"},"canonical":"https:\/\/seeco.es\/en\/curso-ecografia\/acreditacion-iv-curso-intensivo-de-ecografia-clinica-pediatrica\/","og_locale":"en_GB","og_type":"article","og_title":"Acreditaci\u00f3n IV Curso intensivo de ecograf\u00eda cl\u00ednica pedi\u00e1trica","og_description":"Residentes de pediatr\u00eda, pediatras de atenci\u00f3n primaria u hospitalaria y m\u00e9dicos de familia con ninguna o escasa formaci\u00f3n y experiencia en ecograf\u00eda.","og_url":"https:\/\/seeco.es\/en\/curso-ecografia\/acreditacion-iv-curso-intensivo-de-ecografia-clinica-pediatrica\/","og_site_name":"SEECO","article_modified_time":"2026-02-26T17:15:16+00:00","og_image":[{"width":600,"height":600,"url":"https:\/\/seeco.es\/wp-content\/uploads\/2025\/11\/04-WebPediatriaAcreditacion26-600x600-1.jpg","type":"image\/jpeg"}],"twitter_card":"summary_large_image","twitter_misc":{"Estimated reading time":"1 minute"},"schema":{"@context":"https:\/\/schema.org","@graph":[{"@type":"WebPage","@id":"https:\/\/seeco.es\/curso-ecografia\/acreditacion-iv-curso-intensivo-de-ecografia-clinica-pediatrica\/","url":"https:\/\/seeco.es\/curso-ecografia\/acreditacion-iv-curso-intensivo-de-ecografia-clinica-pediatrica\/","name":"Acreditaci\u00f3n IV Curso intensivo de ecograf\u00eda cl\u00ednica pedi\u00e1trica","isPartOf":{"@id":"https:\/\/seeco.es\/#website"},"primaryImageOfPage":{"@id":"https:\/\/seeco.es\/curso-ecografia\/acreditacion-iv-curso-intensivo-de-ecografia-clinica-pediatrica\/#primaryimage"},"image":{"@id":"https:\/\/seeco.es\/curso-ecografia\/acreditacion-iv-curso-intensivo-de-ecografia-clinica-pediatrica\/#primaryimage"},"thumbnailUrl":"https:\/\/seeco.es\/wp-content\/uploads\/2025\/11\/04-WebPediatriaAcreditacion26-600x600-1.jpg","datePublished":"2025-11-05T16:29:46+00:00","dateModified":"2026-02-26T17:15:16+00:00","description":"Residentes de pediatr\u00eda, pediatras de atenci\u00f3n primaria u hospitalaria y m\u00e9dicos de familia con ninguna o escasa formaci\u00f3n y experiencia en ecograf\u00eda.","breadcrumb":{"@id":"https:\/\/seeco.es\/curso-ecografia\/acreditacion-iv-curso-intensivo-de-ecografia-clinica-pediatrica\/#breadcrumb"},"inLanguage":"en-GB","potentialAction":[{"@type":"ReadAction","target":["https:\/\/seeco.es\/curso-ecografia\/acreditacion-iv-curso-intensivo-de-ecografia-clinica-pediatrica\/"]}]},{"@type":"ImageObject","inLanguage":"en-GB","@id":"https:\/\/seeco.es\/curso-ecografia\/acreditacion-iv-curso-intensivo-de-ecografia-clinica-pediatrica\/#primaryimage","url":"https:\/\/seeco.es\/wp-content\/uploads\/2025\/11\/04-WebPediatriaAcreditacion26-600x600-1.jpg","contentUrl":"https:\/\/seeco.es\/wp-content\/uploads\/2025\/11\/04-WebPediatriaAcreditacion26-600x600-1.jpg","width":600,"height":600},{"@type":"BreadcrumbList","@id":"https:\/\/seeco.es\/curso-ecografia\/acreditacion-iv-curso-intensivo-de-ecografia-clinica-pediatrica\/#breadcrumb","itemListElement":[{"@type":"ListItem","position":1,"name":"Portada","item":"https:\/\/seeco.es\/seeco\/"},{"@type":"ListItem","position":2,"name":"Tienda","item":"https:\/\/seeco.es\/en\/tienda\/"},{"@type":"ListItem","position":3,"name":"Acreditaci\u00f3n IV Curso intensivo de ecograf\u00eda cl\u00ednica pedi\u00e1trica"}]},{"@type":"WebSite","@id":"https:\/\/seeco.es\/#website","url":"https:\/\/seeco.es\/","name":"SEECO","description":"Spanish Society of Ultrasound","potentialAction":[{"@type":"SearchAction","target":{"@type":"EntryPoint","urlTemplate":"https:\/\/seeco.es\/?s={search_term_string}"},"query-input":{"@type":"PropertyValueSpecification","valueRequired":true,"valueName":"search_term_string"}}],"inLanguage":"en-GB"}]}},"_links":{"self":[{"href":"https:\/\/seeco.es\/en\/wp-json\/wp\/v2\/product\/3728","targetHints":{"allow":["GET"]}}],"collection":[{"href":"https:\/\/seeco.es\/en\/wp-json\/wp\/v2\/product"}],"about":[{"href":"https:\/\/seeco.es\/en\/wp-json\/wp\/v2\/types\/product"}],"wp:featuredmedia":[{"embeddable":true,"href":"https:\/\/seeco.es\/en\/wp-json\/wp\/v2\/media\/3974"}],"wp:attachment":[{"href":"https:\/\/seeco.es\/en\/wp-json\/wp\/v2\/media?parent=3728"}],"wp:term":[{"taxonomy":"product_brand","embeddable":true,"href":"https:\/\/seeco.es\/en\/wp-json\/wp\/v2\/product_brand?post=3728"},{"taxonomy":"product_cat","embeddable":true,"href":"https:\/\/seeco.es\/en\/wp-json\/wp\/v2\/product_cat?post=3728"},{"taxonomy":"product_tag","embeddable":true,"href":"https:\/\/seeco.es\/en\/wp-json\/wp\/v2\/product_tag?post=3728"}],"curies":[{"name":"wp","href":"https:\/\/api.w.org\/{rel}","templated":true}]}}

Acreditación IV Curso intensivo de ecografía clínica pediátrica

<h2 style="text-align: left;">Acreditación IV Curso intensivo de ecografía clínica pediátrica</h2>
<h3>25 de abril en Madrid</h3>
<p><a href="https://seeco.es/wp-content/uploads/2025/11/04-CondicionesAcreditacionPediatria1.pdf" target="_blank" rel="noopener">CONDICIONES ACREDITACIÓN</a></p>
<p class="p1"><span class="s1">Technical Secretariat: </span><b>Spanish Society of Ultrasound</b></p>
<ul>
<li class="p3"><span class="s4"><b>Phone: <a href="tel:+34 655 694 698">+34 655 694 698</a> </b></span></li>
<li class="p3"><span class="s5"><b>E-mail: </b></span><a href="mailto:secretariatecnica@seeco.es"><span class="s5"><b>secretariatecnica@seeco.es</b></span></a></li>
</ul>
<p>&nbsp;</p>

<!-- This site is optimized with the Yoast SEO plugin v27.5 - https://yoast.com/product/yoast-seo-wordpress/ -->
<title>Acreditación IV Curso intensivo de ecografía clínica pediátrica</title>
<meta name="description" content="Residentes de pediatría, pediatras de atención primaria u hospitalaria y médicos de familia con ninguna o escasa formación y experiencia en ecografía." />
<meta name="robots" content="index, follow, max-snippet:-1, max-image-preview:large, max-video-preview:-1" />
<link rel="canonical" href="https://seeco.es/en/curso-ecografia/acreditacion-iv-curso-intensivo-de-ecografia-clinica-pediatrica/" />
<meta property="og:locale" content="en_GB" />
<meta property="og:type" content="article" />
<meta property="og:title" content="Acreditación IV Curso intensivo de ecografía clínica pediátrica" />
<meta property="og:description" content="Residentes de pediatría, pediatras de atención primaria u hospitalaria y médicos de familia con ninguna o escasa formación y experiencia en ecografía." />
<meta property="og:url" content="https://seeco.es/en/curso-ecografia/acreditacion-iv-curso-intensivo-de-ecografia-clinica-pediatrica/" />
<meta property="og:site_name" content="SEECO" />
<meta property="article:modified_time" content="2026-02-26T17:15:16+00:00" />
<meta property="og:image" content="https://seeco.es/wp-content/uploads/2025/11/04-WebPediatriaAcreditacion26-600x600-1.jpg" />
	<meta property="og:image:width" content="600" />
	<meta property="og:image:height" content="600" />
	<meta property="og:image:type" content="image/jpeg" />
<meta name="twitter:card" content="summary_large_image" />
<meta name="twitter:label1" content="Estimated reading time" />
	<meta name="twitter:data1" content="1 minute" />
<script type="application/ld+json" class="yoast-schema-graph">{"@context":"https:\/\/schema.org","@graph":[{"@type":"WebPage","@id":"https:\/\/seeco.es\/curso-ecografia\/acreditacion-iv-curso-intensivo-de-ecografia-clinica-pediatrica\/","url":"https:\/\/seeco.es\/curso-ecografia\/acreditacion-iv-curso-intensivo-de-ecografia-clinica-pediatrica\/","name":"Acreditación IV Curso intensivo de ecografía clínica pediátrica","isPartOf":{"@id":"https:\/\/seeco.es\/#website"},"primaryImageOfPage":{"@id":"https:\/\/seeco.es\/curso-ecografia\/acreditacion-iv-curso-intensivo-de-ecografia-clinica-pediatrica\/#primaryimage"},"image":{"@id":"https:\/\/seeco.es\/curso-ecografia\/acreditacion-iv-curso-intensivo-de-ecografia-clinica-pediatrica\/#primaryimage"},"thumbnailUrl":"https:\/\/seeco.es\/wp-content\/uploads\/2025\/11\/04-WebPediatriaAcreditacion26-600x600-1.jpg","datePublished":"2025-11-05T16:29:46+00:00","dateModified":"2026-02-26T17:15:16+00:00","description":"Residentes de pediatría, pediatras de atención primaria u hospitalaria y médicos de familia con ninguna o escasa formación y experiencia en ecografía.","breadcrumb":{"@id":"https:\/\/seeco.es\/curso-ecografia\/acreditacion-iv-curso-intensivo-de-ecografia-clinica-pediatrica\/#breadcrumb"},"inLanguage":"en-GB","potentialAction":[{"@type":"ReadAction","target":["https:\/\/seeco.es\/curso-ecografia\/acreditacion-iv-curso-intensivo-de-ecografia-clinica-pediatrica\/"]}]},{"@type":"ImageObject","inLanguage":"en-GB","@id":"https:\/\/seeco.es\/curso-ecografia\/acreditacion-iv-curso-intensivo-de-ecografia-clinica-pediatrica\/#primaryimage","url":"https:\/\/seeco.es\/wp-content\/uploads\/2025\/11\/04-WebPediatriaAcreditacion26-600x600-1.jpg","contentUrl":"https:\/\/seeco.es\/wp-content\/uploads\/2025\/11\/04-WebPediatriaAcreditacion26-600x600-1.jpg","width":600,"height":600},{"@type":"BreadcrumbList","@id":"https:\/\/seeco.es\/curso-ecografia\/acreditacion-iv-curso-intensivo-de-ecografia-clinica-pediatrica\/#breadcrumb","itemListElement":[{"@type":"ListItem","position":1,"name":"Portada","item":"https:\/\/seeco.es\/seeco\/"},{"@type":"ListItem","position":2,"name":"Tienda","item":"https:\/\/seeco.es\/en\/tienda\/"},{"@type":"ListItem","position":3,"name":"Acreditación IV Curso intensivo de ecografía clínica pediátrica"}]},{"@type":"WebSite","@id":"https:\/\/seeco.es\/#website","url":"https:\/\/seeco.es\/","name":"SEECO","description":"Sociedad Española de Ecografía","potentialAction":[{"@type":"SearchAction","target":{"@type":"EntryPoint","urlTemplate":"https:\/\/seeco.es\/?s={search_term_string}"},"query-input":{"@type":"PropertyValueSpecification","valueRequired":true,"valueName":"search_term_string"}}],"inLanguage":"en-GB"}]}</script>
<!-- / Yoast SEO plugin. -->

Residentes de pediatría, pediatras de atención primaria u hospitalaria y médicos de familia con ninguna o escasa formación y experiencia en ecografía.
