{"id":2474,"date":"2024-12-17T08:45:29","date_gmt":"2024-12-17T08:45:29","guid":{"rendered":"https:\/\/seeco.es\/?post_type=product&#038;p=2474"},"modified":"2025-09-19T10:43:16","modified_gmt":"2025-09-19T10:43:16","slug":"curso-de-ecografia-clinica-abdominal-pediatrica","status":"publish","type":"product","link":"https:\/\/seeco.es\/en\/curso-ecografia\/curso-de-ecografia-clinica-abdominal-pediatrica\/","title":{"rendered":"I Course on Pediatric Abdominal Clinical Ultrasound"},"content":{"rendered":"<h2 style=\"text-align: left;\">I Course on Pediatric Abdominal Clinical Ultrasound<\/h2>\n<p style=\"text-align: left;\"><span class=\"s1\"><b>MADRID, April 5, 2025<\/b><\/span><\/p>\n<p style=\"text-align: left;\"><a href=\"https:\/\/seeco.es\/wp-content\/uploads\/2024\/11\/04-ManoMuneca2-25-27-11-24.pdf\" target=\"_blank\" rel=\"noopener\">All the details of the course, HERE!!!<\/a><\/p>\n<p class=\"p2\" style=\"text-align: left;\"><a href=\"https:\/\/seeco.es\/en\/curso-ecografia\/curso-de-ecografia-clinica-abdominal-pediatrica-para-miembros-de-seeco-y-secma\/\"><b>Click here if you are a member to purchase and check your accreditation.<\/b><\/a><\/p>\n<p style=\"text-align: left;\">Registration includes attendance at sessions, coffee breaks and a working lunch.<\/p>\n<p class=\"p1\"><span class=\"s1\">Technical Secretariat: <\/span><b>Spanish Society of Ultrasound<\/b><\/p>\n<ul>\n<li class=\"p3\"><span class=\"s4\"><b>Phone: <a href=\"tel:+34 655 694 698\">+34 655 694 698<\/a> <\/b><\/span><\/li>\n<li class=\"p3\"><span class=\"s5\"><b>E-mail: <\/b><\/span><a href=\"mailto:secretariatecnica@seeco.es\"><span class=\"s5\"><b>secretariatecnica@seeco.es<\/b><\/span><\/a><\/li>\n<\/ul>\n<p>&nbsp;<\/p>","protected":false},"excerpt":{"rendered":"<p style=\"text-align: center;\">5 de abril de 2025<br \/>\nMADRID<\/p>","protected":false},"featured_media":3497,"template":"","meta":[],"product_brand":[],"product_cat":[77],"product_tag":[],"class_list":{"0":"post-2474","1":"product","2":"type-product","3":"status-publish","4":"has-post-thumbnail","6":"product_cat-actividades-realizadas","8":"first","9":"outofstock","10":"virtual","11":"sold-individually","12":"taxable","13":"product-type-simple"},"yoast_head":"<!-- This site is optimized with the Yoast SEO plugin v27.5 - https:\/\/yoast.com\/product\/yoast-seo-wordpress\/ -->\n<title>Curso de Ecograf\u00eda Cl\u00ednica Abdominal Pedi\u00e1trica<\/title>\n<meta name=\"description\" content=\"Ecograf\u00eda Cl\u00ednica Abdominal Pedi\u00e1trica. 5 de abril de 2025 en Madrid, organizado por SEECO. Todos los detalles del curso, AQU\u00cd!!!\" \/>\n<meta name=\"robots\" content=\"index, follow, max-snippet:-1, max-image-preview:large, max-video-preview:-1\" \/>\n<link rel=\"canonical\" href=\"https:\/\/seeco.es\/en\/curso-ecografia\/curso-de-ecografia-clinica-abdominal-pediatrica\/\" \/>\n<meta property=\"og:locale\" content=\"en_GB\" \/>\n<meta property=\"og:type\" content=\"article\" \/>\n<meta property=\"og:title\" content=\"Curso de Ecograf\u00eda Cl\u00ednica Abdominal Pedi\u00e1trica\" \/>\n<meta property=\"og:description\" content=\"Ecograf\u00eda Cl\u00ednica Abdominal Pedi\u00e1trica. 5 de abril de 2025 en Madrid, organizado por SEECO. Todos los detalles del curso, AQU\u00cd!!!\" \/>\n<meta property=\"og:url\" content=\"https:\/\/seeco.es\/en\/curso-ecografia\/curso-de-ecografia-clinica-abdominal-pediatrica\/\" \/>\n<meta property=\"og:site_name\" content=\"SEECO\" \/>\n<meta property=\"article:modified_time\" content=\"2025-09-19T10:43:16+00:00\" \/>\n<meta property=\"og:image\" content=\"https:\/\/seeco.es\/wp-content\/uploads\/2025\/09\/04-Pediatria25-600x600-1.jpg\" \/>\n\t<meta property=\"og:image:width\" content=\"600\" \/>\n\t<meta property=\"og:image:height\" content=\"600\" \/>\n\t<meta property=\"og:image:type\" content=\"image\/jpeg\" \/>\n<meta name=\"twitter:card\" content=\"summary_large_image\" \/>\n<script type=\"application\/ld+json\" class=\"yoast-schema-graph\">{\"@context\":\"https:\\\/\\\/schema.org\",\"@graph\":[{\"@type\":\"WebPage\",\"@id\":\"https:\\\/\\\/seeco.es\\\/curso-ecografia\\\/curso-de-ecografia-clinica-abdominal-pediatrica\\\/\",\"url\":\"https:\\\/\\\/seeco.es\\\/curso-ecografia\\\/curso-de-ecografia-clinica-abdominal-pediatrica\\\/\",\"name\":\"Curso de Ecograf\u00eda Cl\u00ednica Abdominal Pedi\u00e1trica\",\"isPartOf\":{\"@id\":\"https:\\\/\\\/seeco.es\\\/#website\"},\"primaryImageOfPage\":{\"@id\":\"https:\\\/\\\/seeco.es\\\/curso-ecografia\\\/curso-de-ecografia-clinica-abdominal-pediatrica\\\/#primaryimage\"},\"image\":{\"@id\":\"https:\\\/\\\/seeco.es\\\/curso-ecografia\\\/curso-de-ecografia-clinica-abdominal-pediatrica\\\/#primaryimage\"},\"thumbnailUrl\":\"https:\\\/\\\/seeco.es\\\/wp-content\\\/uploads\\\/2025\\\/09\\\/04-Pediatria25-600x600-1.jpg\",\"datePublished\":\"2024-12-17T08:45:29+00:00\",\"dateModified\":\"2025-09-19T10:43:16+00:00\",\"description\":\"Ecograf\u00eda Cl\u00ednica Abdominal Pedi\u00e1trica. 5 de abril de 2025 en Madrid, organizado por SEECO. Todos los detalles del curso, AQU\u00cd!!!\",\"breadcrumb\":{\"@id\":\"https:\\\/\\\/seeco.es\\\/curso-ecografia\\\/curso-de-ecografia-clinica-abdominal-pediatrica\\\/#breadcrumb\"},\"inLanguage\":\"en-GB\",\"potentialAction\":[{\"@type\":\"ReadAction\",\"target\":[\"https:\\\/\\\/seeco.es\\\/curso-ecografia\\\/curso-de-ecografia-clinica-abdominal-pediatrica\\\/\"]}]},{\"@type\":\"ImageObject\",\"inLanguage\":\"en-GB\",\"@id\":\"https:\\\/\\\/seeco.es\\\/curso-ecografia\\\/curso-de-ecografia-clinica-abdominal-pediatrica\\\/#primaryimage\",\"url\":\"https:\\\/\\\/seeco.es\\\/wp-content\\\/uploads\\\/2025\\\/09\\\/04-Pediatria25-600x600-1.jpg\",\"contentUrl\":\"https:\\\/\\\/seeco.es\\\/wp-content\\\/uploads\\\/2025\\\/09\\\/04-Pediatria25-600x600-1.jpg\",\"width\":600,\"height\":600,\"caption\":\"I Curso de Ecograf\u00eda Cl\u00ednica Abdominal Pedi\u00e1trica\"},{\"@type\":\"BreadcrumbList\",\"@id\":\"https:\\\/\\\/seeco.es\\\/curso-ecografia\\\/curso-de-ecografia-clinica-abdominal-pediatrica\\\/#breadcrumb\",\"itemListElement\":[{\"@type\":\"ListItem\",\"position\":1,\"name\":\"Portada\",\"item\":\"https:\\\/\\\/seeco.es\\\/seeco\\\/\"},{\"@type\":\"ListItem\",\"position\":2,\"name\":\"Tienda\",\"item\":\"https:\\\/\\\/seeco.es\\\/en\\\/tienda\\\/\"},{\"@type\":\"ListItem\",\"position\":3,\"name\":\"I Curso de Ecograf\u00eda Cl\u00ednica Abdominal Pedi\u00e1trica\"}]},{\"@type\":\"WebSite\",\"@id\":\"https:\\\/\\\/seeco.es\\\/#website\",\"url\":\"https:\\\/\\\/seeco.es\\\/\",\"name\":\"SEECO\",\"description\":\"Sociedad Espa\u00f1ola de Ecograf\u00eda\",\"potentialAction\":[{\"@type\":\"SearchAction\",\"target\":{\"@type\":\"EntryPoint\",\"urlTemplate\":\"https:\\\/\\\/seeco.es\\\/?s={search_term_string}\"},\"query-input\":{\"@type\":\"PropertyValueSpecification\",\"valueRequired\":true,\"valueName\":\"search_term_string\"}}],\"inLanguage\":\"en-GB\"}]}<\/script>\n<!-- \/ Yoast SEO plugin. -->","yoast_head_json":{"title":"Pediatric Abdominal Clinical Ultrasound Course","description":"Pediatric Abdominal Clinical Ultrasound. April 5, 2025 in Madrid, organized by SEECO. All the details of the course, HERE!!!","robots":{"index":"index","follow":"follow","max-snippet":"max-snippet:-1","max-image-preview":"max-image-preview:large","max-video-preview":"max-video-preview:-1"},"canonical":"https:\/\/seeco.es\/en\/curso-ecografia\/curso-de-ecografia-clinica-abdominal-pediatrica\/","og_locale":"en_GB","og_type":"article","og_title":"Curso de Ecograf\u00eda Cl\u00ednica Abdominal Pedi\u00e1trica","og_description":"Ecograf\u00eda Cl\u00ednica Abdominal Pedi\u00e1trica. 5 de abril de 2025 en Madrid, organizado por SEECO. Todos los detalles del curso, AQU\u00cd!!!","og_url":"https:\/\/seeco.es\/en\/curso-ecografia\/curso-de-ecografia-clinica-abdominal-pediatrica\/","og_site_name":"SEECO","article_modified_time":"2025-09-19T10:43:16+00:00","og_image":[{"width":600,"height":600,"url":"https:\/\/seeco.es\/wp-content\/uploads\/2025\/09\/04-Pediatria25-600x600-1.jpg","type":"image\/jpeg"}],"twitter_card":"summary_large_image","schema":{"@context":"https:\/\/schema.org","@graph":[{"@type":"WebPage","@id":"https:\/\/seeco.es\/curso-ecografia\/curso-de-ecografia-clinica-abdominal-pediatrica\/","url":"https:\/\/seeco.es\/curso-ecografia\/curso-de-ecografia-clinica-abdominal-pediatrica\/","name":"Pediatric Abdominal Clinical Ultrasound Course","isPartOf":{"@id":"https:\/\/seeco.es\/#website"},"primaryImageOfPage":{"@id":"https:\/\/seeco.es\/curso-ecografia\/curso-de-ecografia-clinica-abdominal-pediatrica\/#primaryimage"},"image":{"@id":"https:\/\/seeco.es\/curso-ecografia\/curso-de-ecografia-clinica-abdominal-pediatrica\/#primaryimage"},"thumbnailUrl":"https:\/\/seeco.es\/wp-content\/uploads\/2025\/09\/04-Pediatria25-600x600-1.jpg","datePublished":"2024-12-17T08:45:29+00:00","dateModified":"2025-09-19T10:43:16+00:00","description":"Pediatric Abdominal Clinical Ultrasound. April 5, 2025 in Madrid, organized by SEECO. All the details of the course, HERE!!!","breadcrumb":{"@id":"https:\/\/seeco.es\/curso-ecografia\/curso-de-ecografia-clinica-abdominal-pediatrica\/#breadcrumb"},"inLanguage":"en-GB","potentialAction":[{"@type":"ReadAction","target":["https:\/\/seeco.es\/curso-ecografia\/curso-de-ecografia-clinica-abdominal-pediatrica\/"]}]},{"@type":"ImageObject","inLanguage":"en-GB","@id":"https:\/\/seeco.es\/curso-ecografia\/curso-de-ecografia-clinica-abdominal-pediatrica\/#primaryimage","url":"https:\/\/seeco.es\/wp-content\/uploads\/2025\/09\/04-Pediatria25-600x600-1.jpg","contentUrl":"https:\/\/seeco.es\/wp-content\/uploads\/2025\/09\/04-Pediatria25-600x600-1.jpg","width":600,"height":600,"caption":"I Curso de Ecograf\u00eda Cl\u00ednica Abdominal Pedi\u00e1trica"},{"@type":"BreadcrumbList","@id":"https:\/\/seeco.es\/curso-ecografia\/curso-de-ecografia-clinica-abdominal-pediatrica\/#breadcrumb","itemListElement":[{"@type":"ListItem","position":1,"name":"Portada","item":"https:\/\/seeco.es\/seeco\/"},{"@type":"ListItem","position":2,"name":"Tienda","item":"https:\/\/seeco.es\/en\/tienda\/"},{"@type":"ListItem","position":3,"name":"I Curso de Ecograf\u00eda Cl\u00ednica Abdominal Pedi\u00e1trica"}]},{"@type":"WebSite","@id":"https:\/\/seeco.es\/#website","url":"https:\/\/seeco.es\/","name":"SEECO","description":"Spanish Society of Ultrasound","potentialAction":[{"@type":"SearchAction","target":{"@type":"EntryPoint","urlTemplate":"https:\/\/seeco.es\/?s={search_term_string}"},"query-input":{"@type":"PropertyValueSpecification","valueRequired":true,"valueName":"search_term_string"}}],"inLanguage":"en-GB"}]}},"_links":{"self":[{"href":"https:\/\/seeco.es\/en\/wp-json\/wp\/v2\/product\/2474","targetHints":{"allow":["GET"]}}],"collection":[{"href":"https:\/\/seeco.es\/en\/wp-json\/wp\/v2\/product"}],"about":[{"href":"https:\/\/seeco.es\/en\/wp-json\/wp\/v2\/types\/product"}],"wp:featuredmedia":[{"embeddable":true,"href":"https:\/\/seeco.es\/en\/wp-json\/wp\/v2\/media\/3497"}],"wp:attachment":[{"href":"https:\/\/seeco.es\/en\/wp-json\/wp\/v2\/media?parent=2474"}],"wp:term":[{"taxonomy":"product_brand","embeddable":true,"href":"https:\/\/seeco.es\/en\/wp-json\/wp\/v2\/product_brand?post=2474"},{"taxonomy":"product_cat","embeddable":true,"href":"https:\/\/seeco.es\/en\/wp-json\/wp\/v2\/product_cat?post=2474"},{"taxonomy":"product_tag","embeddable":true,"href":"https:\/\/seeco.es\/en\/wp-json\/wp\/v2\/product_tag?post=2474"}],"curies":[{"name":"wp","href":"https:\/\/api.w.org\/{rel}","templated":true}]}}

<!-- This site is optimized with the Yoast SEO plugin v27.5 - https://yoast.com/product/yoast-seo-wordpress/ -->
<title>Curso de Ecografía Clínica Abdominal Pediátrica</title>
<meta name="description" content="Ecografía Clínica Abdominal Pediátrica. 5 de abril de 2025 en Madrid, organizado por SEECO. Todos los detalles del curso, AQUÍ!!!" />
<meta name="robots" content="index, follow, max-snippet:-1, max-image-preview:large, max-video-preview:-1" />
<link rel="canonical" href="https://seeco.es/en/curso-ecografia/curso-de-ecografia-clinica-abdominal-pediatrica/" />
<meta property="og:locale" content="en_GB" />
<meta property="og:type" content="article" />
<meta property="og:title" content="Curso de Ecografía Clínica Abdominal Pediátrica" />
<meta property="og:description" content="Ecografía Clínica Abdominal Pediátrica. 5 de abril de 2025 en Madrid, organizado por SEECO. Todos los detalles del curso, AQUÍ!!!" />
<meta property="og:url" content="https://seeco.es/en/curso-ecografia/curso-de-ecografia-clinica-abdominal-pediatrica/" />
<meta property="og:site_name" content="SEECO" />
<meta property="article:modified_time" content="2025-09-19T10:43:16+00:00" />
<meta property="og:image" content="https://seeco.es/wp-content/uploads/2025/09/04-Pediatria25-600x600-1.jpg" />
	<meta property="og:image:width" content="600" />
	<meta property="og:image:height" content="600" />
	<meta property="og:image:type" content="image/jpeg" />
<meta name="twitter:card" content="summary_large_image" />
<script type="application/ld+json" class="yoast-schema-graph">{"@context":"https:\/\/schema.org","@graph":[{"@type":"WebPage","@id":"https:\/\/seeco.es\/curso-ecografia\/curso-de-ecografia-clinica-abdominal-pediatrica\/","url":"https:\/\/seeco.es\/curso-ecografia\/curso-de-ecografia-clinica-abdominal-pediatrica\/","name":"Curso de Ecografía Clínica Abdominal Pediátrica","isPartOf":{"@id":"https:\/\/seeco.es\/#website"},"primaryImageOfPage":{"@id":"https:\/\/seeco.es\/curso-ecografia\/curso-de-ecografia-clinica-abdominal-pediatrica\/#primaryimage"},"image":{"@id":"https:\/\/seeco.es\/curso-ecografia\/curso-de-ecografia-clinica-abdominal-pediatrica\/#primaryimage"},"thumbnailUrl":"https:\/\/seeco.es\/wp-content\/uploads\/2025\/09\/04-Pediatria25-600x600-1.jpg","datePublished":"2024-12-17T08:45:29+00:00","dateModified":"2025-09-19T10:43:16+00:00","description":"Ecografía Clínica Abdominal Pediátrica. 5 de abril de 2025 en Madrid, organizado por SEECO. Todos los detalles del curso, AQUÍ!!!","breadcrumb":{"@id":"https:\/\/seeco.es\/curso-ecografia\/curso-de-ecografia-clinica-abdominal-pediatrica\/#breadcrumb"},"inLanguage":"en-GB","potentialAction":[{"@type":"ReadAction","target":["https:\/\/seeco.es\/curso-ecografia\/curso-de-ecografia-clinica-abdominal-pediatrica\/"]}]},{"@type":"ImageObject","inLanguage":"en-GB","@id":"https:\/\/seeco.es\/curso-ecografia\/curso-de-ecografia-clinica-abdominal-pediatrica\/#primaryimage","url":"https:\/\/seeco.es\/wp-content\/uploads\/2025\/09\/04-Pediatria25-600x600-1.jpg","contentUrl":"https:\/\/seeco.es\/wp-content\/uploads\/2025\/09\/04-Pediatria25-600x600-1.jpg","width":600,"height":600,"caption":"I Curso de Ecografía Clínica Abdominal Pediátrica"},{"@type":"BreadcrumbList","@id":"https:\/\/seeco.es\/curso-ecografia\/curso-de-ecografia-clinica-abdominal-pediatrica\/#breadcrumb","itemListElement":[{"@type":"ListItem","position":1,"name":"Portada","item":"https:\/\/seeco.es\/seeco\/"},{"@type":"ListItem","position":2,"name":"Tienda","item":"https:\/\/seeco.es\/en\/tienda\/"},{"@type":"ListItem","position":3,"name":"I Curso de Ecografía Clínica Abdominal Pediátrica"}]},{"@type":"WebSite","@id":"https:\/\/seeco.es\/#website","url":"https:\/\/seeco.es\/","name":"SEECO","description":"Sociedad Española de Ecografía","potentialAction":[{"@type":"SearchAction","target":{"@type":"EntryPoint","urlTemplate":"https:\/\/seeco.es\/?s={search_term_string}"},"query-input":{"@type":"PropertyValueSpecification","valueRequired":true,"valueName":"search_term_string"}}],"inLanguage":"en-GB"}]}</script>
<!-- / Yoast SEO plugin. -->

Curso de Ecografía Clínica Abdominal Pediátrica

Ecografía Clínica Abdominal Pediátrica. 5 de abril de 2025 en Madrid, organizado por SEECO. Todos los detalles del curso, AQUÍ!!!

I Curso de Ecografía Clínica Abdominal Pediátrica
