{"id":1508,"date":"2021-06-18T16:50:48","date_gmt":"2021-06-18T16:50:48","guid":{"rendered":"https:\/\/seeco.es\/?post_type=product&#038;p=1508"},"modified":"2025-04-11T15:20:05","modified_gmt":"2025-04-11T15:20:05","slug":"ecografia-para-la-patologia-pleuropulmonar","status":"publish","type":"product","link":"https:\/\/seeco.es\/en\/curso-ecografia\/ecografia-para-la-patologia-pleuropulmonar\/","title":{"rendered":"I Webinar on Ultrasound for Pleuropulmonary Pathology"},"content":{"rendered":"<h2 style=\"text-align: center;\">I Webinar on Ultrasound for Pleuropulmonary Pathology<\/h2>\n<p style=\"text-align: center;\">Issued on June 23, 2021<\/p>\n<p style=\"text-align: center;\"><strong>OPEN REGISTRATIONS<\/strong><\/p>\n<p style=\"text-align: center;\">Price: <del>32\u20ac<\/del><\/p>\n<h3 style=\"text-align: center;\">Offer: \u20ac25.50<\/h3>\n<p style=\"text-align: center;\"><strong>IMPORTANT:<\/strong><\/p>\n<p style=\"text-align: center;\"><strong>When purchasing the Webinar, we will contact you to provide you with the access data to the Webinar.<\/strong><\/p>\n<p><strong>PROGRAM:<\/strong><\/p>\n<ul>\n<li>Artifacts and specific findings in lung ultrasound. Pedro J. Ca\u00f1ones<\/li>\n<li>Lung ultrasound examination protocols. Irene Arnanz<\/li>\n<li>Ultrasound findings in the normal lung. Pedro J. Ca\u00f1ones<\/li>\n<li>Clinical and pathophysiological correlation of pulmonary ultrasound findings. Irene Arnanz<\/li>\n<li>Clinical cases.<\/li>\n<li>Discussion.<\/li>\n<\/ul>\n<p><strong>FACULTY:<\/strong><\/p>\n<ul>\n<li>Dr. Irene Arnanz Gonz\u00e1lez: Emergency Department. Infanta Leonor Hospital. Madrid.<\/li>\n<li>Dr. Pedro Javier Ca\u00f1ones Garz\u00f3n: Oza Island Health Center. Madrid.<\/li>\n<\/ul>\n<p><img loading=\"lazy\" decoding=\"async\" class=\"aligncenter wp-image-1753 size-full\" title=\"III COURSE ON APPLIED ULTRASOUND IN OCCUPATIONAL MEDICINE (UPPER LIMB)\" src=\"https:\/\/seeco.es\/wp-content\/uploads\/2021\/06\/04-WebinarPulmonar21-500x500-1.jpeg\" alt=\"Webinar Ecograf\u00eda para la Patolog\u00eda Pleuropulmonar\" width=\"240\" height=\"240\" srcset=\"https:\/\/seeco.es\/wp-content\/uploads\/2021\/06\/04-WebinarPulmonar21-500x500-1.jpeg 240w, https:\/\/seeco.es\/wp-content\/uploads\/2021\/06\/04-WebinarPulmonar21-500x500-1-100x100.jpeg 100w, https:\/\/seeco.es\/wp-content\/uploads\/2021\/06\/04-WebinarPulmonar21-500x500-1-80x80.jpeg 80w, https:\/\/seeco.es\/wp-content\/uploads\/2021\/06\/04-WebinarPulmonar21-500x500-1-36x36.jpeg 36w, https:\/\/seeco.es\/wp-content\/uploads\/2021\/06\/04-WebinarPulmonar21-500x500-1-180x180.jpeg 180w\" sizes=\"auto, (max-width: 240px) 100vw, 240px\" \/><\/p>\n<p style=\"text-align: center;\"><strong>IMPORTANT:<\/strong><\/p>\n<p style=\"text-align: center;\"><strong>When purchasing the Webinar, we will contact you to provide you with the access data to the Webinar.<\/strong><\/p>\n<h2 style=\"text-align: center;\"><strong><span style=\"color: #3366ff;\">MORE INFORMATION OF INTEREST<\/span><\/strong><\/h2>\n<p style=\"text-align: center;\"><strong>Technical Secretariat of the Course<\/strong>:<br \/>\nTel.: +34 616 97 26 60, Pedro Roman<br \/>\n<a href=\"mailto:seeco@encuentrosprofesionales.com\">seeco@encuentrosprofesionales.com <\/a><\/p>\n<p>&nbsp;<\/p>","protected":false},"excerpt":{"rendered":"<p>I Webinar de Ecograf\u00eda para la Patolog\u00eda Pleuropulmonar Emitida el pasado d\u00eda 23 de junio de 2021 INSCRIPCIONES ABIERTAS Precio: 32\u20ac Oferta: 25,50\u20ac IMPORTANTE: Al realizar la compra del Webinar, nos pondremos en contacto contigo para facilitarte los datos de acceso al Webinar PROGRAMA: Artefactos y hallazgos espec\u00edficos en ecograf\u00eda pulmonar. Pedro J. Ca\u00f1ones Protocolos [&hellip;]<\/p>\n","protected":false},"featured_media":1793,"template":"","meta":[],"product_brand":[],"product_cat":[54],"product_tag":[],"class_list":{"0":"post-1508","1":"product","2":"type-product","3":"status-publish","4":"has-post-thumbnail","6":"product_cat-webinar-ecografia","8":"first","9":"instock","10":"sale","11":"virtual","12":"sold-individually","13":"taxable","14":"purchasable","15":"product-type-simple"},"yoast_head":"<!-- This site is optimized with the Yoast SEO plugin v27.5 - https:\/\/yoast.com\/product\/yoast-seo-wordpress\/ -->\n<title>I Webinar de Ecograf\u00eda para la Patolog\u00eda Pleuropulmonar<\/title>\n<meta name=\"description\" content=\"I Webinar de Ecograf\u00eda para la Patolog\u00eda Pleuropulmonar, organizado por SEECO (Sociedad Espa\u00f1ola de Ecograf\u00eda)\" \/>\n<meta name=\"robots\" content=\"index, follow, max-snippet:-1, max-image-preview:large, max-video-preview:-1\" \/>\n<link rel=\"canonical\" href=\"https:\/\/seeco.es\/en\/curso-ecografia\/ecografia-para-la-patologia-pleuropulmonar\/\" \/>\n<meta property=\"og:locale\" content=\"en_GB\" \/>\n<meta property=\"og:type\" content=\"article\" \/>\n<meta property=\"og:title\" content=\"I Webinar de Ecograf\u00eda para la Patolog\u00eda Pleuropulmonar\" \/>\n<meta property=\"og:description\" content=\"I Webinar de Ecograf\u00eda para la Patolog\u00eda Pleuropulmonar, organizado por SEECO (Sociedad Espa\u00f1ola de Ecograf\u00eda)\" \/>\n<meta property=\"og:url\" content=\"https:\/\/seeco.es\/en\/curso-ecografia\/ecografia-para-la-patologia-pleuropulmonar\/\" \/>\n<meta property=\"og:site_name\" content=\"SEECO\" \/>\n<meta property=\"article:modified_time\" content=\"2025-04-11T15:20:05+00:00\" \/>\n<meta property=\"og:image\" content=\"https:\/\/seeco.es\/wp-content\/uploads\/2021\/06\/04-WebinarPulmonar21-500x500-1.jpg\" \/>\n\t<meta property=\"og:image:width\" content=\"500\" \/>\n\t<meta property=\"og:image:height\" content=\"500\" \/>\n\t<meta property=\"og:image:type\" content=\"image\/jpeg\" \/>\n<meta name=\"twitter:card\" content=\"summary_large_image\" \/>\n<meta name=\"twitter:label1\" content=\"Estimated reading time\" \/>\n\t<meta name=\"twitter:data1\" content=\"1 minute\" \/>\n<script type=\"application\/ld+json\" class=\"yoast-schema-graph\">{\"@context\":\"https:\\\/\\\/schema.org\",\"@graph\":[{\"@type\":\"WebPage\",\"@id\":\"https:\\\/\\\/seeco.es\\\/curso-ecografia\\\/ecografia-para-la-patologia-pleuropulmonar\\\/\",\"url\":\"https:\\\/\\\/seeco.es\\\/curso-ecografia\\\/ecografia-para-la-patologia-pleuropulmonar\\\/\",\"name\":\"I Webinar de Ecograf\u00eda para la Patolog\u00eda Pleuropulmonar\",\"isPartOf\":{\"@id\":\"https:\\\/\\\/seeco.es\\\/#website\"},\"primaryImageOfPage\":{\"@id\":\"https:\\\/\\\/seeco.es\\\/curso-ecografia\\\/ecografia-para-la-patologia-pleuropulmonar\\\/#primaryimage\"},\"image\":{\"@id\":\"https:\\\/\\\/seeco.es\\\/curso-ecografia\\\/ecografia-para-la-patologia-pleuropulmonar\\\/#primaryimage\"},\"thumbnailUrl\":\"https:\\\/\\\/seeco.es\\\/wp-content\\\/uploads\\\/2021\\\/06\\\/04-WebinarPulmonar21-500x500-1.jpg\",\"datePublished\":\"2021-06-18T16:50:48+00:00\",\"dateModified\":\"2025-04-11T15:20:05+00:00\",\"description\":\"I Webinar de Ecograf\u00eda para la Patolog\u00eda Pleuropulmonar, organizado por SEECO (Sociedad Espa\u00f1ola de Ecograf\u00eda)\",\"breadcrumb\":{\"@id\":\"https:\\\/\\\/seeco.es\\\/curso-ecografia\\\/ecografia-para-la-patologia-pleuropulmonar\\\/#breadcrumb\"},\"inLanguage\":\"en-GB\",\"potentialAction\":[{\"@type\":\"ReadAction\",\"target\":[\"https:\\\/\\\/seeco.es\\\/curso-ecografia\\\/ecografia-para-la-patologia-pleuropulmonar\\\/\"]}]},{\"@type\":\"ImageObject\",\"inLanguage\":\"en-GB\",\"@id\":\"https:\\\/\\\/seeco.es\\\/curso-ecografia\\\/ecografia-para-la-patologia-pleuropulmonar\\\/#primaryimage\",\"url\":\"https:\\\/\\\/seeco.es\\\/wp-content\\\/uploads\\\/2021\\\/06\\\/04-WebinarPulmonar21-500x500-1.jpg\",\"contentUrl\":\"https:\\\/\\\/seeco.es\\\/wp-content\\\/uploads\\\/2021\\\/06\\\/04-WebinarPulmonar21-500x500-1.jpg\",\"width\":500,\"height\":500,\"caption\":\"Webinar de Ecograf\u00eda para la Patolog\u00eda Pleuropulmonar\"},{\"@type\":\"BreadcrumbList\",\"@id\":\"https:\\\/\\\/seeco.es\\\/curso-ecografia\\\/ecografia-para-la-patologia-pleuropulmonar\\\/#breadcrumb\",\"itemListElement\":[{\"@type\":\"ListItem\",\"position\":1,\"name\":\"Portada\",\"item\":\"https:\\\/\\\/seeco.es\\\/seeco\\\/\"},{\"@type\":\"ListItem\",\"position\":2,\"name\":\"Tienda\",\"item\":\"https:\\\/\\\/seeco.es\\\/en\\\/tienda\\\/\"},{\"@type\":\"ListItem\",\"position\":3,\"name\":\"I Webinar de Ecograf\u00eda para la Patolog\u00eda Pleuropulmonar\"}]},{\"@type\":\"WebSite\",\"@id\":\"https:\\\/\\\/seeco.es\\\/#website\",\"url\":\"https:\\\/\\\/seeco.es\\\/\",\"name\":\"SEECO\",\"description\":\"Sociedad Espa\u00f1ola de Ecograf\u00eda\",\"potentialAction\":[{\"@type\":\"SearchAction\",\"target\":{\"@type\":\"EntryPoint\",\"urlTemplate\":\"https:\\\/\\\/seeco.es\\\/?s={search_term_string}\"},\"query-input\":{\"@type\":\"PropertyValueSpecification\",\"valueRequired\":true,\"valueName\":\"search_term_string\"}}],\"inLanguage\":\"en-GB\"}]}<\/script>\n<!-- \/ Yoast SEO plugin. -->","yoast_head_json":{"title":"I Webinar on Ultrasound for Pleuropulmonary Pathology","description":"I Webinar on Ultrasound for Pleuropulmonary Pathology, organized by SEECO (Spanish Society of Ultrasound)","robots":{"index":"index","follow":"follow","max-snippet":"max-snippet:-1","max-image-preview":"max-image-preview:large","max-video-preview":"max-video-preview:-1"},"canonical":"https:\/\/seeco.es\/en\/curso-ecografia\/ecografia-para-la-patologia-pleuropulmonar\/","og_locale":"en_GB","og_type":"article","og_title":"I Webinar de Ecograf\u00eda para la Patolog\u00eda Pleuropulmonar","og_description":"I Webinar de Ecograf\u00eda para la Patolog\u00eda Pleuropulmonar, organizado por SEECO (Sociedad Espa\u00f1ola de Ecograf\u00eda)","og_url":"https:\/\/seeco.es\/en\/curso-ecografia\/ecografia-para-la-patologia-pleuropulmonar\/","og_site_name":"SEECO","article_modified_time":"2025-04-11T15:20:05+00:00","og_image":[{"width":500,"height":500,"url":"https:\/\/seeco.es\/wp-content\/uploads\/2021\/06\/04-WebinarPulmonar21-500x500-1.jpg","type":"image\/jpeg"}],"twitter_card":"summary_large_image","twitter_misc":{"Estimated reading time":"1 minute"},"schema":{"@context":"https:\/\/schema.org","@graph":[{"@type":"WebPage","@id":"https:\/\/seeco.es\/curso-ecografia\/ecografia-para-la-patologia-pleuropulmonar\/","url":"https:\/\/seeco.es\/curso-ecografia\/ecografia-para-la-patologia-pleuropulmonar\/","name":"I Webinar on Ultrasound for Pleuropulmonary Pathology","isPartOf":{"@id":"https:\/\/seeco.es\/#website"},"primaryImageOfPage":{"@id":"https:\/\/seeco.es\/curso-ecografia\/ecografia-para-la-patologia-pleuropulmonar\/#primaryimage"},"image":{"@id":"https:\/\/seeco.es\/curso-ecografia\/ecografia-para-la-patologia-pleuropulmonar\/#primaryimage"},"thumbnailUrl":"https:\/\/seeco.es\/wp-content\/uploads\/2021\/06\/04-WebinarPulmonar21-500x500-1.jpg","datePublished":"2021-06-18T16:50:48+00:00","dateModified":"2025-04-11T15:20:05+00:00","description":"I Webinar on Ultrasound for Pleuropulmonary Pathology, organized by SEECO (Spanish Society of Ultrasound)","breadcrumb":{"@id":"https:\/\/seeco.es\/curso-ecografia\/ecografia-para-la-patologia-pleuropulmonar\/#breadcrumb"},"inLanguage":"en-GB","potentialAction":[{"@type":"ReadAction","target":["https:\/\/seeco.es\/curso-ecografia\/ecografia-para-la-patologia-pleuropulmonar\/"]}]},{"@type":"ImageObject","inLanguage":"en-GB","@id":"https:\/\/seeco.es\/curso-ecografia\/ecografia-para-la-patologia-pleuropulmonar\/#primaryimage","url":"https:\/\/seeco.es\/wp-content\/uploads\/2021\/06\/04-WebinarPulmonar21-500x500-1.jpg","contentUrl":"https:\/\/seeco.es\/wp-content\/uploads\/2021\/06\/04-WebinarPulmonar21-500x500-1.jpg","width":500,"height":500,"caption":"Webinar de Ecograf\u00eda para la Patolog\u00eda Pleuropulmonar"},{"@type":"BreadcrumbList","@id":"https:\/\/seeco.es\/curso-ecografia\/ecografia-para-la-patologia-pleuropulmonar\/#breadcrumb","itemListElement":[{"@type":"ListItem","position":1,"name":"Portada","item":"https:\/\/seeco.es\/seeco\/"},{"@type":"ListItem","position":2,"name":"Tienda","item":"https:\/\/seeco.es\/en\/tienda\/"},{"@type":"ListItem","position":3,"name":"I Webinar de Ecograf\u00eda para la Patolog\u00eda Pleuropulmonar"}]},{"@type":"WebSite","@id":"https:\/\/seeco.es\/#website","url":"https:\/\/seeco.es\/","name":"SEECO","description":"Spanish Society of Ultrasound","potentialAction":[{"@type":"SearchAction","target":{"@type":"EntryPoint","urlTemplate":"https:\/\/seeco.es\/?s={search_term_string}"},"query-input":{"@type":"PropertyValueSpecification","valueRequired":true,"valueName":"search_term_string"}}],"inLanguage":"en-GB"}]}},"_links":{"self":[{"href":"https:\/\/seeco.es\/en\/wp-json\/wp\/v2\/product\/1508","targetHints":{"allow":["GET"]}}],"collection":[{"href":"https:\/\/seeco.es\/en\/wp-json\/wp\/v2\/product"}],"about":[{"href":"https:\/\/seeco.es\/en\/wp-json\/wp\/v2\/types\/product"}],"wp:featuredmedia":[{"embeddable":true,"href":"https:\/\/seeco.es\/en\/wp-json\/wp\/v2\/media\/1793"}],"wp:attachment":[{"href":"https:\/\/seeco.es\/en\/wp-json\/wp\/v2\/media?parent=1508"}],"wp:term":[{"taxonomy":"product_brand","embeddable":true,"href":"https:\/\/seeco.es\/en\/wp-json\/wp\/v2\/product_brand?post=1508"},{"taxonomy":"product_cat","embeddable":true,"href":"https:\/\/seeco.es\/en\/wp-json\/wp\/v2\/product_cat?post=1508"},{"taxonomy":"product_tag","embeddable":true,"href":"https:\/\/seeco.es\/en\/wp-json\/wp\/v2\/product_tag?post=1508"}],"curies":[{"name":"wp","href":"https:\/\/api.w.org\/{rel}","templated":true}]}}

<h2 style="text-align: center;">I Webinar on Ultrasound for Pleuropulmonary Pathology</h2>
<p style="text-align: center;">Issued on June 23, 2021</p>
<p style="text-align: center;"><strong>OPEN REGISTRATIONS</strong></p>
<p style="text-align: center;">Price: <del>32€</del></p>
<h3 style="text-align: center;">Offer: €25.50</h3>
<p style="text-align: center;"><strong>IMPORTANT:</strong></p>
<p style="text-align: center;"><strong>When purchasing the Webinar, we will contact you to provide you with the access data to the Webinar.</strong></p>
<p><strong>PROGRAM:</strong></p>
<ul>
<li>Artifacts and specific findings in lung ultrasound. Pedro J. Cañones</li>
<li>Lung ultrasound examination protocols. Irene Arnanz</li>
<li>Ultrasound findings in the normal lung. Pedro J. Cañones</li>
<li>Clinical and pathophysiological correlation of pulmonary ultrasound findings. Irene Arnanz</li>
<li>Clinical cases.</li>
<li>Discussion.</li>
</ul>
<p><strong>FACULTY:</strong></p>
<ul>
<li>Dr. Irene Arnanz González: Emergency Department. Infanta Leonor Hospital. Madrid.</li>
<li>Dr. Pedro Javier Cañones Garzón: Oza Island Health Center. Madrid.</li>
</ul>
<p><img loading="lazy" decoding="async" class="aligncenter wp-image-1753 size-full" title="III COURSE ON APPLIED ULTRASOUND IN OCCUPATIONAL MEDICINE (UPPER LIMB)" src="https://seeco.es/wp-content/uploads/2021/06/04-WebinarPulmonar21-500x500-1.jpeg" alt="Webinar Ecografía para la Patología Pleuropulmonar" width="240" height="240" srcset="https://seeco.es/wp-content/uploads/2021/06/04-WebinarPulmonar21-500x500-1.jpeg 240w, https://seeco.es/wp-content/uploads/2021/06/04-WebinarPulmonar21-500x500-1-100x100.jpeg 100w, https://seeco.es/wp-content/uploads/2021/06/04-WebinarPulmonar21-500x500-1-80x80.jpeg 80w, https://seeco.es/wp-content/uploads/2021/06/04-WebinarPulmonar21-500x500-1-36x36.jpeg 36w, https://seeco.es/wp-content/uploads/2021/06/04-WebinarPulmonar21-500x500-1-180x180.jpeg 180w" sizes="auto, (max-width: 240px) 100vw, 240px" /></p>
<p style="text-align: center;"><strong>IMPORTANT:</strong></p>
<p style="text-align: center;"><strong>When purchasing the Webinar, we will contact you to provide you with the access data to the Webinar.</strong></p>
<h2 style="text-align: center;"><strong><span style="color: #3366ff;">MORE INFORMATION OF INTEREST</span></strong></h2>
<p style="text-align: center;"><strong>Technical Secretariat of the Course</strong>:<br />
Tel.: +34 616 97 26 60, Pedro Roman<br />
<a href="mailto:seeco@encuentrosprofesionales.com">seeco@encuentrosprofesionales.com </a></p>
<p>&nbsp;</p>

<p>I Webinar de Ecografía para la Patología Pleuropulmonar Emitida el pasado día 23 de junio de 2021 INSCRIPCIONES ABIERTAS Precio: 32€ Oferta: 25,50€ IMPORTANTE: Al realizar la compra del Webinar, nos pondremos en contacto contigo para facilitarte los datos de acceso al Webinar PROGRAMA: Artefactos y hallazgos específicos en ecografía pulmonar. Pedro J. Cañones Protocolos [&hellip;]</p>

<!-- This site is optimized with the Yoast SEO plugin v27.5 - https://yoast.com/product/yoast-seo-wordpress/ -->
<title>I Webinar de Ecografía para la Patología Pleuropulmonar</title>
<meta name="description" content="I Webinar de Ecografía para la Patología Pleuropulmonar, organizado por SEECO (Sociedad Española de Ecografía)" />
<meta name="robots" content="index, follow, max-snippet:-1, max-image-preview:large, max-video-preview:-1" />
<link rel="canonical" href="https://seeco.es/en/curso-ecografia/ecografia-para-la-patologia-pleuropulmonar/" />
<meta property="og:locale" content="en_GB" />
<meta property="og:type" content="article" />
<meta property="og:title" content="I Webinar de Ecografía para la Patología Pleuropulmonar" />
<meta property="og:description" content="I Webinar de Ecografía para la Patología Pleuropulmonar, organizado por SEECO (Sociedad Española de Ecografía)" />
<meta property="og:url" content="https://seeco.es/en/curso-ecografia/ecografia-para-la-patologia-pleuropulmonar/" />
<meta property="og:site_name" content="SEECO" />
<meta property="article:modified_time" content="2025-04-11T15:20:05+00:00" />
<meta property="og:image" content="https://seeco.es/wp-content/uploads/2021/06/04-WebinarPulmonar21-500x500-1.jpg" />
	<meta property="og:image:width" content="500" />
	<meta property="og:image:height" content="500" />
	<meta property="og:image:type" content="image/jpeg" />
<meta name="twitter:card" content="summary_large_image" />
<meta name="twitter:label1" content="Estimated reading time" />
	<meta name="twitter:data1" content="1 minute" />
<script type="application/ld+json" class="yoast-schema-graph">{"@context":"https:\/\/schema.org","@graph":[{"@type":"WebPage","@id":"https:\/\/seeco.es\/curso-ecografia\/ecografia-para-la-patologia-pleuropulmonar\/","url":"https:\/\/seeco.es\/curso-ecografia\/ecografia-para-la-patologia-pleuropulmonar\/","name":"I Webinar de Ecografía para la Patología Pleuropulmonar","isPartOf":{"@id":"https:\/\/seeco.es\/#website"},"primaryImageOfPage":{"@id":"https:\/\/seeco.es\/curso-ecografia\/ecografia-para-la-patologia-pleuropulmonar\/#primaryimage"},"image":{"@id":"https:\/\/seeco.es\/curso-ecografia\/ecografia-para-la-patologia-pleuropulmonar\/#primaryimage"},"thumbnailUrl":"https:\/\/seeco.es\/wp-content\/uploads\/2021\/06\/04-WebinarPulmonar21-500x500-1.jpg","datePublished":"2021-06-18T16:50:48+00:00","dateModified":"2025-04-11T15:20:05+00:00","description":"I Webinar de Ecografía para la Patología Pleuropulmonar, organizado por SEECO (Sociedad Española de Ecografía)","breadcrumb":{"@id":"https:\/\/seeco.es\/curso-ecografia\/ecografia-para-la-patologia-pleuropulmonar\/#breadcrumb"},"inLanguage":"en-GB","potentialAction":[{"@type":"ReadAction","target":["https:\/\/seeco.es\/curso-ecografia\/ecografia-para-la-patologia-pleuropulmonar\/"]}]},{"@type":"ImageObject","inLanguage":"en-GB","@id":"https:\/\/seeco.es\/curso-ecografia\/ecografia-para-la-patologia-pleuropulmonar\/#primaryimage","url":"https:\/\/seeco.es\/wp-content\/uploads\/2021\/06\/04-WebinarPulmonar21-500x500-1.jpg","contentUrl":"https:\/\/seeco.es\/wp-content\/uploads\/2021\/06\/04-WebinarPulmonar21-500x500-1.jpg","width":500,"height":500,"caption":"Webinar de Ecografía para la Patología Pleuropulmonar"},{"@type":"BreadcrumbList","@id":"https:\/\/seeco.es\/curso-ecografia\/ecografia-para-la-patologia-pleuropulmonar\/#breadcrumb","itemListElement":[{"@type":"ListItem","position":1,"name":"Portada","item":"https:\/\/seeco.es\/seeco\/"},{"@type":"ListItem","position":2,"name":"Tienda","item":"https:\/\/seeco.es\/en\/tienda\/"},{"@type":"ListItem","position":3,"name":"I Webinar de Ecografía para la Patología Pleuropulmonar"}]},{"@type":"WebSite","@id":"https:\/\/seeco.es\/#website","url":"https:\/\/seeco.es\/","name":"SEECO","description":"Sociedad Española de Ecografía","potentialAction":[{"@type":"SearchAction","target":{"@type":"EntryPoint","urlTemplate":"https:\/\/seeco.es\/?s={search_term_string}"},"query-input":{"@type":"PropertyValueSpecification","valueRequired":true,"valueName":"search_term_string"}}],"inLanguage":"en-GB"}]}</script>
<!-- / Yoast SEO plugin. -->

I Webinar de Ecografía para la Patología Pleuropulmonar

I Webinar de Ecografía para la Patología Pleuropulmonar, organizado por SEECO (Sociedad Española de Ecografía)

Webinar de Ecografía para la Patología Pleuropulmonar
